e
Is 7247581 prime?
False
Is 23257993 a composite number?
True
Is 2764753 a prime number?
False
Is 807689 a composite number?
False
Is 829711 a composite number?
True
Is 30684419 a composite number?
False
Is 52918685 prime?
False
Is 252649587 a prime number?
False
Is 1866989 a prime number?
True
Is 5358651 composite?
True
Is 38246827 a prime number?
True
Is 1110881 a composite number?
False
Is 9748329 a composite number?
True
Is 3566789 a composite number?
False
Is 7503521 composite?
False
Is 25750295 a composite number?
True
Is 3455249 a composite number?
True
Is 645571 a composite number?
False
Is 890664107 prime?
False
Is 1825546 prime?
False
Is 7099133 a prime number?
False
Is 176773 composite?
True
Is 9500279 a prime number?
True
Is 49958111 a composite number?
True
Is 175505989 a prime number?
True
Is 47279671 a composite number?
False
Is 7182727 a composite number?
False
Is 616638041 composite?
True
Is 1395463 composite?
False
Is 1428049 a prime number?
False
Is 198818209 a composite number?
True
Is 29892469 a prime number?
True
Is 940469 a prime number?
True
Is 28881089 prime?
True
Is 33963149 a prime number?
False
Is 159779491 a composite number?
False
Is 6074297 prime?
False
Is 27371027 a composite number?
False
Is 1806873295 composite?
True
Is 396601 composite?
False
Is 144659 a composite number?
False
Is 4701631 a composite number?
True
Is 1240181 a composite number?
False
Is 4514491 a composite number?
True
Is 11330609 composite?
False
Is 35542009 a prime number?
True
Is 60495437 a composite number?
True
Is 162766753 a prime number?
True
Is 20352853 a composite number?
False
Is 34204273 prime?
True
Is 3918833 composite?
True
Is 3756049 a prime number?
False
Is 14077873 a composite number?
False
Is 2839261 composite?
True
Is 517063711 a composite number?
False
Is 1995171353 a prime number?
False
Is 9448631 a composite number?
False
Is 116725277 a composite number?
True
Is 530680939 a prime number?
True
Is 442585127 a prime number?
True
Is 13399673 a composite number?
True
Is 107485957 a prime number?
True
Is 81048161 a prime number?
False
Is 1601399 prime?
True
Is 25109713 composite?
False
Is 80782439 prime?
True
Is 29995319 composite?
True
Is 47900339 a prime number?
False
Is 13969391 composite?
False
Is 7293641 a composite number?
False
Is 9287141 a prime number?
True
Is 1819355 a composite number?
True
Is 90634459 a composite number?
False
Is 136246107 prime?
False
Is 425587807 composite?
False
Is 2675711 a composite number?
True
Is 258770117 prime?
True
Is 153868157 prime?
False
Is 706489 composite?
True
Is 850673 a prime number?
True
Is 4359101 a composite number?
False
Is 7447927 a prime number?
False
Is 237388399 prime?
False
Is 13364281 composite?
True
Is 1871623 prime?
False
Is 1002959 prime?
False
Is 86274161 composite?
False
Is 194608871 a composite number?
True
Is 47053171 composite?
True
Is 2865397 a composite number?
False
Is 8329985 a prime number?
False
Is 822113 a prime number?
True
Is 20065481 composite?
False
Is 203587882 a composite number?
True
Is 3047347 composite?
True
Is 31075181 a composite number?
False
Is 26528659 a composite number?
False
Is 37312967 a composite number?
False
Is 77987031 a prime number?
False
Is 5971629 a composite number?
True
Is 107397893 prime?
False
Is 3109433 a composite number?
True
Is 8946481 a prime number?
True
Is 674483 prime?
True
Is 241589 composite?
False
Is 45677851 prime?
True
Is 2108749 a prime number?
False
Is 18456131 prime?
False
Is 985003 a composite number?
False
Is 262544683 a prime number?
True
Is 6515557 a composite number?
False
Is 66315149 composite?
True
Is 15891497 a composite number?
False
Is 982369019 a composite number?
False
Is 12306053 prime?
False
Is 29764417 prime?
True
Is 19535377 a composite number?
True
Is 11494343 composite?
True
Is 10079491 prime?
False
Is 132254869 a composite number?
False
Is 111537043 composite?
True
Is 11070217 a composite number?
True
Is 60116609 a prime number?
False
Is 529360241 composite?
False
Is 38227793 a composite number?
True
Is 13736231 prime?
True
Is 341882461 composite?
True
Is 534283 prime?
True
Is 21961567 a prime number?
False
Is 288440579 a composite number?
True
Is 222600639 composite?
True
Is 466418159 a composite number?
False
Is 2670227 composite?
True
Is 27982949 a prime number?
True
Is 944843 composite?
True
Is 60476747 composite?
True
Is 897154127 composite?
False
Is 53739134 a composite number?
True
Is 5872873 composite?
False
Is 7214631 composite?
True
Is 93623047 composite?
True
Is 2015591 a prime number?
False
Is 1246352663 prime?
True
Is 35402165 composite?
True
Is 179030593 prime?
False
Is 4729839 a composite number?
True
Is 703981 a prime number?
True
Is 3502777 composite?
False
Is 660106409 composite?
False
Is 34320677 composite?
True
Is 296880037 prime?
True
Is 42067937 a composite number?
True
Is 726281 prime?
False
Is 301943 a composite number?
False
Is 21019897 a composite number?
True
Is 95839 prime?
False
Is 100371917 prime?
True
Is 20530303 prime?
False
Is 411721 a prime number?
True
Is 5602159 a prime number?
False
Is 3902285 prime?
False
Is 416239 prime?
True
Is 161688349 a composite number?
False
Is 5672647 composite?
True
Is 7471501 prime?
True
Is 3199709 a composite number?
False
Is 6271901 a composite number?
True
Is 299275073 prime?
False
Is 9410497 a prime number?
True
Is 241674393 a prime number?
False
Is 16325999 a prime number?
True
Is 298773559 composite?
True
Is 7850251 a composite number?
True
Is 1483282 a composite number?
True
Is 594954095 prime?
False
Is 7665239 prime?
True
Is 10824958 a composite number?
True
Is 11299697 composite?
False
Is 806177 composite?
False
Is 131962403 prime?
False
Is 6029 a composite number?
False
Is 60500917 prime?
True
Is 4309091 a composite number?
True
Is 122171141 a composite number?
False
Is 4904749 prime?
False
Is 201455507 a prime number?
False
Is 973509 composite?
True
Is 2803483 prime?
False
Is 13197953 a composite number?
False
Is 830081 a composite number?
True
Is 129291107 composite?
True
Is 4201411 a composite number?
True
Is 1498780765 a composite number?
True
Is 457139 a composite number?
False
Is 104192281 a composite number?
True
Is 52249033 composite?
True
Is 21921441 prime?
False
Is 14219311 composite?
True
Is 5556311 a prime number?
True
Is 197252987 composite?
False
Is 3480446 composite?
True
Is 474115781 a prime number?
True
Is 4881379 a composite number?
False
Is 1088209 prime?
True
Is 4787743 a composite number?
True
Is 63501029 a prime number?
True
Is 8813537 a prime number?
False
Is 7045439 a composite number?
True
Is 9877811 composite?
False
Is 8022943 a prime number?
True
Is 5678737 prime?
True
Is 2990677 a prime number?
True
Is 741739 a composite number?
True
Is 1547849 composite?
False
Is 60766855 prime?
False
Is 18035359 prime?
True
Is 4112311 composite?
True
Is 15830107 composite?
False
Is 1014789 a prime number?
False
Is 463157 prime?
True
Is 2861493 a prime number?
False
Is 45335 a prime number?
False
Is 221724553 a composite number?
True
Is 14361863 prime?
False
Is 2003467 prime?
False
Is 30434323 composite?
False
Is 130753 composite?
True
Is 4540597 prime?
False
Is 14435641 composite?
True
Is 9171229 composite?
False
Is 600973 a prime number?
True
Is 3233959 a prime number?
True
Is 5995513 a composite number?
False
Is 9448559 composite?
True
Is 27357635 a prime number?
False
Is 2122151 a composite number?
False
Is 55764017 a prime number?
True
Is 331780711 composite?
False
Is 176363 prime?
False
Is 12505783 prime?
True
Is 1547237 prime?
False
Is 171608161 a composite number?
False
Is 17362307 prime?
True
Is 618562421 a prime number?
True
Is 968864899 prime?
True
Is 25038929 prime?
True
Is 32560399 prime?
True
Is 118731647 a composite number?
True
Is 76216783 a prime number?
True
Is 5239147 a prime number?
False
Is 27304297 composite?
True
Is 473063183 composite?
True
Is 54343753 composite?
True
Is 9117233 composite?
True
Is 122874377 composite?
False
Is 15162814 prime?
False
Is 4954409 prime?
True
Is 17738443 a prime number?
True
Is 154914091 composite?
False
Is 54067093 composite?
True
Is 6979663 composite?
False
Is 1709233 a prime number?
True
Is 11467759 prime?
True
Is 35848903 prime?
False
Is 3840647 c